413092096?
True
Does 535 divide 59251250?
True
Does 894 divide 327474882?
True
Is 11 a factor of 547328778?
False
Does 32 divide 339116594?
False
Does 95 divide 47698299?
False
Is 369 a factor of 10166319?
True
Does 3867 divide 572362367?
False
Does 16 divide 36326640?
True
Does 3796 divide 184833311?
False
Is 484179021 a multiple of 549?
True
Does 37 divide 27063836?
False
Does 35 divide 3514105?
True
Is 35 a factor of 116716592?
False
Is 16407180 a multiple of 139?
False
Does 474 divide 644579802?
True
Is 236715381 a multiple of 259?
True
Is 3400 a factor of 162652167?
False
Does 352 divide 338180118?
False
Is 13970323 a multiple of 37?
False
Does 14 divide 153541633?
False
Does 80 divide 61373360?
True
Is 28519868 a multiple of 30?
False
Is 31 a factor of 3428057?
False
Is 12212243 a multiple of 173?
True
Does 110 divide 1555661128?
False
Does 17 divide 22898133?
True
Is 32137525 a multiple of 652?
False
Does 1876 divide 152368187?
False
Does 47 divide 148742733?
True
Is 1335852793 a multiple of 9?
False
Is 284 a factor of 2311820?
False
Is 38 a factor of 35683864?
False
Is 348163606 a multiple of 10?
False
Does 981 divide 3169057755?
False
Does 44 divide 224430800?
True
Does 5376 divide 608821248?
True
Is 457688907 a multiple of 9?
True
Is 258 a factor of 270273737?
False
Is 2074781060 a multiple of 5522?
True
Is 9 a factor of 707909?
False
Is 681278535 a multiple of 285?
True
Does 17 divide 73406501?
False
Is 43 a factor of 1015786?
False
Is 1548085 a multiple of 32?
False
Is 303520552 a multiple of 14?
False
Is 9 a factor of 72248031?
True
Is 3412 a factor of 1675923220?
True
Does 4 divide 22144860?
True
Does 951 divide 20964795?
True
Is 676514304 a multiple of 105?
False
Is 9957 a factor of 435031287?
True
Does 504 divide 75069792?
True
Is 907695411 a multiple of 73?
False
Is 24 a factor of 141983376?
True
Is 216 a factor of 2718921816?
True
Does 10 divide 116280911?
False
Is 150228291 a multiple of 372?
False
Is 39 a factor of 77964344?
False
Is 16 a factor of 18916268?
False
Is 26594850 a multiple of 203?
False
Is 159 a factor of 78664524?
False
Does 110 divide 2591224020?
True
Does 896 divide 129065216?
True
Does 2414 divide 91137065?
False
Does 25 divide 12562200?
True
Does 52 divide 137122216?
False
Does 104 divide 6200376?
True
Is 799 a factor of 2985718482?
False
Is 102480658 a multiple of 1918?
True
Is 253436787 a multiple of 305?
False
Does 486 divide 30396590?
False
Is 72 a factor of 2820503371?
False
Is 3067 a factor of 26557153?
True
Is 3 a factor of 2149643?
False
Is 40792616 a multiple of 23?
True
Is 408 a factor of 133263816?
True
Does 81 divide 274587732?
True
Is 76508212 a multiple of 44?
True
Is 19 a factor of 4303272?
True
Is 60719314 a multiple of 15?
False
Is 49 a factor of 13077617?
False
Does 1061 divide 23478869?
True
Does 691 divide 304757962?
False
Does 89 divide 362279306?
True
Does 64 divide 54933892?
False
Is 65 a factor of 44992280?
False
Is 2737922016 a multiple of 174?
True
Is 24903072 a multiple of 296?
True
Is 18 a factor of 191848122?
True
Is 5 a factor of 7158530?
True
Does 89 divide 1067549304?
True
Is 2361 a factor of 168975454?
False
Is 391930740 a multiple of 517?
False
Does 211 divide 644493170?
True
Is 13 a factor of 215700792?
False
Does 1526 divide 226644572?
True
Does 379 divide 53492176?
False
Does 639 divide 43922943?
True
Is 48 a factor of 6339072?
True
Does 2 divide 44169577?
False
Does 1307 divide 752012408?
False
Does 141 divide 64329981?
True
Is 254 a factor of 216769950?
True
Is 32911984 a multiple of 464?
True
Is 18 a factor of 26706816?
True
Is 14 a factor of 875723691?
False
Is 1143 a factor of 2475982602?
True
Does 15 divide 478880647?
False
Is 303 a factor of 276590823?
True
Is 17599976 a multiple of 452?
True
Does 80 divide 22096726?
False
Is 66153750 a multiple of 177?
True
Is 3904 a factor of 448308032?
True
Is 49279425 a multiple of 115?
False
Is 93639031 a multiple of 20?
False
Does 54 divide 159827097?
False
Is 4341852 a multiple of 93?
False
Is 8377920 a multiple of 18?
True
Does 2016 divide 504168037?
False
Is 8 a factor of 21748968?
True
Is 16 a factor of 363200048?
True
Is 69 a factor of 43028563?
False
Is 863133894 a multiple of 150?
False
Is 8387168 a multiple of 21?
False
Is 338032004 a multiple of 236?
True
Is 5281154349 a multiple of 129?
True
Does 2052 divide 21613091?
False
Is 1430 a factor of 47198959?
False
Is 1238 a factor of 416457007?
False
Does 126 divide 79104186?
True
Is 10 a factor of 70173420?
True
Is 379789641 a multiple of 20?
False
Is 1001612978 a multiple of 4311?
False
Is 28041396 a multiple of 238?
False
Is 1693388540 a multiple of 7660?
True
Does 1054 divide 1322770?
True
Is 13 a factor of 97213843?
False
Does 475 divide 82265250?
True
Does 72 divide 113520312?
True
Does 7101 divide 1446168357?
True
Is 1513879695 a multiple of 16?
False
Does 1400 divide 161921200?
True
Is 2065 a factor of 27699910?
True
Is 31058728 a multiple of 214?
False
Is 101072633 a multiple of 424?
False
Does 18 divide 4769019247?
False
Does 1000 divide 493013128?
False
Is 26206880 a multiple of 1120?
True
Is 65055358 a multiple of 107?
True
Does 9291 divide 1047100106?
False
Does 4732 divide 28926409?
False
Is 83720960 a multiple of 166?
False
Does 30 divide 9963270?
True
Is 1571 a factor of 248045060?
False
Is 14 a factor of 211649565?
False
Is 8 a factor of 74771008?
True
Is 486 a factor of 21216601?
False
Is 30159216 a multiple of 12?
True
Does 210 divide 105345870?
True
Does 1250 divide 927568635?
False
Is 301 a factor of 52654289?
False
Is 757 a factor of 37821325?
False
Is 84672081 a multiple of 4023?
True
Is 37596213 a multiple of 122?
False
Is 21768834 a multiple of 668?
False
Does 153 divide 744159870?
True
Does 871 divide 1572754248?
True
Is 2 a factor of 8660091?
False
Does 29 divide 92451095?
False
Is 838446412 a multiple of 5242?
False
Does 179 divide 34651357?
True
Is 113130954 a multiple of 17?
True
Does 31 divide 757000024?
False
Does 7316 divide 3876675240?
True
Is 527 a factor of 19196071?
False
Is 3168 a factor of 3526104?
False
Is 10931040 a multiple of 109?
False
Is 77 a factor of 567612?
False
Does 249 divide 881921101?
False
Is 16095684 a multiple of 4?
True
Does 118 divide 20985356?
True
Is 21342960 a multiple of 1230?
True
Does 4762 divide 518622903?
False
Is 4932 a factor of 399265968?
False
Is 5 a factor of 1774199?
False
Is 52416369 a multiple of 87?
True
Is 3981 a factor of 195510891?
True
Does 4953 divide 556985406?
False
Is 3634 a factor of 47604343?
False
Does 557 divide 1210610849?
False
Is 42 a factor of 15663291?
False
Is 834501 a multiple of 43?
True
Is 163 a factor of 112474314?
False
Is 619 a factor of 16654814?
True
Does 63 divide 1880739?
True
Is 22 a factor of 17442573?
False
Is 29 a factor of 10460155?
True
Is 3 a factor of 157483155?
True
Is 2496436881 a multiple of 1840?
False
Is 3577 a factor of 226098593?
True
Is 3706 a factor of 109812253?
False
Is 26859309 a multiple of 113?
True
Is 42869167 a multiple of 7?
False
Is 1253 a factor of 516471564?
True
Does 3261 divide 304951155?
False
Does 21 divide 87374069?
False
Does 2941 divide 651493103?
False
Does 6771 divide 3587032044?
True
Is 779128512 a multiple of 472?
True
Is 27 a factor of 2031600420?
True
Is 444 a factor of 450866904?
True
Does 978 divide 25242671?
False
Is 1396766 a multiple of 1691?
True
Does 797 divide 47075666?
False
Is 1423032 a multiple of 4?
True
Does 11 divide 204118629?
True
Is 2028722121 a multiple of 49?
False
Is 112 a factor of 514017616?
True
Does 92 divide 13935919?
False
Is 151869803 a multiple of 360?
False
Does 465 divide 1370019777?
False
Is 800573650 a multiple of 2780?
False
Is 51108877 a multiple of 377?
False
Is 180622042 a multiple of 224?
False
Is 19 a factor of 187471?
False
Does 140 divide 22074371?
False
Is 165 a factor of 34229672?
False
Is 34692740 a multiple of 10?
True
Is 4583894 a multiple of 573?
False
Is 905786043 a multiple of 1019?
True
Is 24873198 a multiple of 42?
True
Is 27 a factor of 14769864?
True
Does 95 divide 160723251?
False
Is 13 a factor of 522622123?
False
Is 387 a factor of 159618056?
False
Is 7 a factor of 1179754380?
True
Is 22749428 a multiple of 13?
True
Is 8 a factor of 48669840?
True
Does 2 divide 467878